site?
False
Is 204892673 a composite number?
True
Is 6984847 prime?
False
Is 996910313 composite?
True
Is 33582379 composite?
False
Is 3193583 a prime number?
False
Is 1348103 a prime number?
False
Is 8864863 prime?
False
Is 143088559 a composite number?
False
Is 4595213 prime?
False
Is 7063621 a prime number?
False
Is 2327233 composite?
False
Is 38851537 a composite number?
True
Is 9292279 a prime number?
True
Is 27355921 prime?
True
Is 5960327 composite?
True
Is 4109297 a prime number?
True
Is 5423503 a composite number?
False
Is 662657 a composite number?
False
Is 118609949 composite?
False
Is 2104541 a composite number?
False
Is 127434247 composite?
False
Is 16862513 a composite number?
True
Is 37673281 prime?
False
Is 1737399 prime?
False
Is 3392449 a composite number?
True
Is 141397 prime?
True
Is 25784977 prime?
False
Is 8588467 a composite number?
True
Is 153958169 prime?
True
Is 25255877 composite?
True
Is 113641 prime?
False
Is 806153 prime?
True
Is 286020677 a prime number?
False
Is 5809281 prime?
False
Is 135955011 prime?
False
Is 9303395 a composite number?
True
Is 244913 composite?
True
Is 64927409 composite?
True
Is 188029561 prime?
True
Is 344467 composite?
True
Is 152844779 a prime number?
False
Is 922949 a composite number?
True
Is 6458923 a composite number?
False
Is 265987079 a composite number?
True
Is 977447 prime?
True
Is 3152963 a prime number?
False
Is 30635639 a prime number?
True
Is 5495027 a composite number?
False
Is 453325319 composite?
False
Is 625609 a prime number?
True
Is 4144537 composite?
False
Is 13426573 prime?
True
Is 136785977 prime?
True
Is 28089337 a composite number?
False
Is 4645217 composite?
True
Is 111243761 a prime number?
True
Is 22339963 a prime number?
True
Is 56168573 a composite number?
False
Is 69713999 composite?
True
Is 135063541 a prime number?
True
Is 78151727 a composite number?
True
Is 17581345 composite?
True
Is 107047739 a composite number?
False
Is 64096339 prime?
False
Is 632120647 a prime number?
False
Is 16052755 prime?
False
Is 7095889 a prime number?
True
Is 49022419 prime?
True
Is 15440329 a composite number?
True
Is 375157697 a composite number?
False
Is 12358081 a composite number?
True
Is 9113959 a prime number?
True
Is 35291999 a composite number?
False
Is 4580987 prime?
False
Is 2805301 a composite number?
True
Is 25422289 prime?
True
Is 234576521 a composite number?
True
Is 134055577 composite?
False
Is 2234303 a prime number?
True
Is 680929 a composite number?
False
Is 14653567 prime?
False
Is 5437291 a composite number?
False
Is 70482605 a composite number?
True
Is 56823599 composite?
True
Is 51470231 a composite number?
False
Is 306403843 prime?
True
Is 282855473 a composite number?
True
Is 382089 composite?
True
Is 18066119 a composite number?
False
Is 4617671 a composite number?
False
Is 5849329 a prime number?
False
Is 47212279 prime?
False
Is 35430523 a prime number?
False
Is 98236337 prime?
False
Is 304722895 composite?
True
Is 371974649 prime?
True
Is 14598481 a composite number?
False
Is 7852583 composite?
True
Is 164486779 a prime number?
True
Is 10208859 a composite number?
True
Is 6616283 prime?
True
Is 18607 a composite number?
True
Is 56299 a prime number?
True
Is 3750493 a composite number?
False
Is 1265639 a composite number?
False
Is 373658569 a prime number?
False
Is 60342131 composite?
True
Is 51483605 a composite number?
True
Is 27077543 a composite number?
True
Is 27840569 a prime number?
True
Is 47015597 a composite number?
True
Is 13119313 prime?
False
Is 12466367 a composite number?
False
Is 4700573 prime?
True
Is 6114667 composite?
True
Is 760993 composite?
False
Is 181432489 prime?
False
Is 1523849 composite?
False
Is 44489 composite?
True
Is 1536347 a composite number?
True
Is 24214439 composite?
False
Is 30461153 a composite number?
False
Is 301663 a composite number?
True
Is 3102257 prime?
False
Is 7755091 a prime number?
True
Is 82698767 prime?
True
Is 45904129 composite?
True
Is 7990247 composite?
True
Is 12279698 a composite number?
True
Is 39994949 a composite number?
False
Is 1667689 prime?
True
Is 43958149 composite?
False
Is 1065887 a prime number?
True
Is 2591447 prime?
True
Is 249685459 prime?
True
Is 12997113 composite?
True
Is 19537013 prime?
False
Is 20121929 a composite number?
True
Is 186330323 a prime number?
True
Is 4801903 a composite number?
False
Is 10878326 a prime number?
False
Is 92690123 composite?
False
Is 66270263 composite?
False
Is 7675009 prime?
True
Is 1187303911 a prime number?
True
Is 133826221 a prime number?
True
Is 143122907 a composite number?
True
Is 3998107 prime?
True
Is 392245621 a prime number?
False
Is 153619 a prime number?
False
Is 236867 composite?
False
Is 15096805 a composite number?
True
Is 11353387 composite?
False
Is 42905623 composite?
False
Is 50204093 composite?
False
Is 29848957 a composite number?
True
Is 139173191 prime?
False
Is 28135427 a prime number?
True
Is 1453651 prime?
True
Is 750522889 prime?
True
Is 6378551 a prime number?
True
Is 3059993 composite?
True
Is 292421 a composite number?
True
Is 41000497 a composite number?
True
Is 12248189 prime?
False
Is 3397199 composite?
True
Is 10769457 prime?
False
Is 840431 composite?
True
Is 176536963 a composite number?
False
Is 428727127 a prime number?
False
Is 21436999 a composite number?
True
Is 10077329 composite?
False
Is 119649 composite?
True
Is 250345187 prime?
True
Is 3668069 a composite number?
True
Is 1342723 prime?
True
Is 245566231 a composite number?
True
Is 2894839 a composite number?
False
Is 9948157 composite?
False
Is 134567887 prime?
True
Is 68328907 composite?
False
Is 2258673 a prime number?
False
Is 40157833 a composite number?
True
Is 41806253 a prime number?
True
Is 1663117 composite?
False
Is 160336901 prime?
True
Is 18957019 a composite number?
True
Is 75411373 a prime number?
True
Is 384583001 a prime number?
False
Is 60616273 a composite number?
True
Is 39451631 a composite number?
False
Is 534643 prime?
False
Is 32893787 a prime number?
False
Is 1539157 a prime number?
False
Is 6470243 a composite number?
True
Is 292405531 a prime number?
False
Is 143243 prime?
True
Is 471605107 composite?
False
Is 1767277 composite?
True
Is 791534 a prime number?
False
Is 1596899 a composite number?
True
Is 3055309 a composite number?
False
Is 87258121 a prime number?
False
Is 179662243 composite?
True
Is 13779011 a composite number?
False
Is 4818819 a prime number?
False
Is 75179089 a composite number?
True
Is 227114887 composite?
True
Is 5824667 prime?
True
Is 1645979 a composite number?
False
Is 35295251 a composite number?
False
Is 2066438771 prime?
True
Is 73016371 prime?
True
Is 11416591 a prime number?
False
Is 10314149 a composite number?
False
Is 27695357 a composite number?
True
Is 9581267 a prime number?
True
Is 40793339 composite?
True
Is 16187309 a prime number?
True
Is 2816299 a composite number?
True
Is 16431047 a prime number?
False
Is 413247479 composite?
False
Is 1034669 a composite number?
True
Is 13813097 composite?
False
Is 3055043 a composite number?
False
Is 6664165 a prime number?
False
Is 8105677 a prime number?
True
Is 417280431 composite?
True
Is 171576871 composite?
False
Is 13348813 a composite number?
True
Is 480419 prime?
True
Is 87624211 prime?
False
Is 6146807 composite?
True
Is 7365979 prime?
True
Is 82422101 prime?
True
Is 5382381 composite?
True
Is 922197 a composite number?
True
Is 8583793 a prime number?
False
Is 477637 a prime number?
True
Is 43664113 a prime number?
True
Is 527384003 prime?
True
Is 55847983 a composite number?
False
Is 5649499 prime?
True
Is 203782571 composite?
False
Is 66869689 prime?
True
Is 9674359 a composite number?
False
Is 3135943 composite?
False
Is 27524833 a composite number?
True
Is 1201433 a prime number?
False
Is 28192169 a prime number?
False
Is 42761693 a composite number?
True
Is 23836921 prime?
False
Is 479419 prime?
True
Is 13114131 a prime number?
False
Is 1319977 a prime number?
False
Is 148556893 prime?
False
Is 780343 prime?
True
Is 6367409 composite?
False
Is 13607617 a composite number?
False
Is 4013357 a prime number?
False
Is 1905517 a prime number?
True
Is 958289 composite?
False
Is 498330691 a prime number?
True
Is 173171837 a composit